 + b = -141, b - 45 = -3*p + h. What is the tens digit of p?
4
Suppose -20*v + 4 = -18*v. Suppose -3*o + 0*w = w + v, 0 = 2*w + 4. Suppose o = -2*z + 8 + 6. What is the units digit of z?
7
Suppose -86718 = -22*b - 26856. What is the hundreds digit of b?
7
Let h be (-2)/(-16) - 6/((-288)/13290). Let q = -196 + h. What is the units digit of q?
1
Let t(v) = -3*v - 8. Let x be t(-3). Let q(p) = -2 + x - 1 - 65*p. What is the units digit of q(-1)?
3
Let i = -229 - -783. Let y = 778 - i. What is the tens digit of y?
2
Let y be (-75)/4 + (-16)/64. Let o(d) = -2*d**2 - 38*d + 8. What is the units digit of o(y)?
8
Let s(a) = 229*a - 289. What is the units digit of s(5)?
6
Let s(m) = -m**2 - 2*m + 1. Let u be s(-4). Let d(g) = -14*g + 2. What is the hundreds digit of d(u)?
1
Let a = -23 - -26. Suppose -21 = -a*v + 57. What is the tens digit of v?
2
What is the units digit of (285/4)/(45/20 + -2)?
5
Let j(a) = 121*a + 37. What is the tens digit of j(3)?
0
Let l be ((-7)/(-21))/((-1)/(-12)). Suppose -2*m = d - 58, -58 = -d + l*m - 6. What is the tens digit of d?
5
Suppose -8*m = -13*m + 20. Suppose 3*c = m*v + 118 + 33, 46 = c + 3*v. What is the units digit of c?
9
Suppose 0 = -t + 237 + 37. What is the hundreds digit of t?
2
Suppose 4*g - a = 2929, -4*g - 3*a - 2071 = -4996. What is the hundreds digit of g?
7
Suppose -r + 138 = k, -2*r = 3*k + 234 - 644. Suppose -4*d = -k + 34. What is the units digit of d?
5
Let k be -13 - -17 - (-20 - 1). What is the hundreds digit of 1350/8 - k/(-100)?
1
Let t = 200 + -143. What is the tens digit of t?
5
Let i = -107 - -112. Let a = 8 + -6. Suppose -a*q = -i*l + q + 252, -4*q = 2*l - 80. What is the units digit of l?
8
Suppose 7904 = 8*v + 44*v. What is the tens digit of v?
5
Suppose y = 4*y - 2*k - 21, 4*k = -4*y + 8. Suppose -y*b - 92 = -4*x, x + 2*b - 22 = 3*b. Let d = 57 - x. What is the tens digit of d?
3
Let g(t) = -3*t**2 - t + 14. Let o(v) = 2*v**2 + 2*v - 13. Let k(f) = -3*g(f) - 4*o(f). Suppose -4*n + 29 = 5. What is the units digit of k(n)?
6
Let l be 9/3 + -1 + 3. Suppose -l*r - 1 + 13 = -4*q, 0 = -5*q + 10. Suppose h - r*h = -57. What is the tens digit of h?
1
Suppose 2*z + 2 = 0, -5*l + 1568 = -z - 2*z. What is the tens digit of l?
1
Suppose -74*g + 146560 = -22974. What is the tens digit of g?
9
Let q(x) = x - 1. Let y(w) = -w + 2. Let n(a) = -6*q(a) - 2*y(a). Suppose 0 = -3*b - 6*v + v + 6, -b + 5*v - 18 = 0. What is the tens digit of n(b)?
1
Let k = -39 + 41. Suppose r = -k*r - f + 939, 4*f = -r + 313. What is the hundreds digit of r?
3
Suppose 4*z = 16, 4*z - 720 - 420 = -4*l. What is the units digit of l?
1
Let r(m) = -m**2 - 5*m + 7. Let h be r(-6). Let f be 12/(-12) - (-29 - h). Let a = 49 - f. What is the units digit of a?
0
Suppose -13*m = 8*m - 20832. What is the units digit of m?
2
Suppose 2*v = 4*c - 3918, -2*c + 3*c - 2*v - 978 = 0. What is the hundreds digit of c?
9
Let r = 98 + -67. Let q = 99 + r. Let u = -86 + q. What is the units digit of u?
4
Let f be (189*1)/(-3)*14/6. Let z = f + 262. What is the units digit of z?
5
Suppose 4*o - 790 = 3*u, 5*o - 988 = -0*o + 4*u. What is the hundreds digit of o?
1
Let i(c) = 2*c + 3. Let p be i(7). Suppose 3*g = -r + p, r + 0*g - 7 = -5*g. What is the units digit of r?
2
Suppose 0 = 373*j - 372*j - 2. Suppose 3*k + 4*v - 3 - 9 = 0, 3*k - 2*v + 6 = 0. Suppose -h - j*d = -4*h + 78, k = -4*h + d + 109. What is the units digit of h?
8
Suppose -680*f + 3865 = -675*f. What is the units digit of f?
3
Let a(r) = -6*r + 17. Let y be a(2). Suppose -162 = -f + y*i, 10*f + 5*i - 810 = 5*f. What is the units digit of f?
2
Let q(p) = -p**2 - 5*p - 1. Let v be q(-6). Let x be (-2)/(-2 + (-16)/v). Let c(u) = u**2 + 5*u + 9. What is the units digit of c(x)?
3
Let v be (-6)/(-9) + 736/12 + 2. Suppose 0 = 12*z - 568 + v. What is the units digit of z?
2
Let q(o) = -2*o**3 + 3*o**2 - 6*o + 12. Let h be q(2). What is the tens digit of (-1175)/5*-1 + h?
3
Suppose 2*s - 8 = 0, 5*p + 3*s + 24 - 1 = 0. Let g(r) = -29*r**2 - 2*r + 1. Let b be g(-3). What is the units digit of b/p + 8/(-28)?
6
Let x be 2/3 - 74/(-6). What is the units digit of x/((-91)/(-490)) - (-1 + -2)?
3
Suppose 275*o = -p + 278*o + 2195, 4*o = 4*p - 8764. What is the thousands digit of p?
2
Let a be -237 + -10*(-5)/(-10). Let k = -106 - a. What is the tens digit of k?
3
Let l be ((-3)/2)/(6/(-8)) - -3. Suppose 0 = -5*o - 5*y + 470, o = -o - l*y + 182. What is the units digit of o?
6
Let m = 17 + -4. Suppose -2*k - 9 = -m. Suppose 0 = -2*v - 2*r + 46, v + 2*r = -k*r + 35. What is the units digit of v?
9
Let f = 1958 + -1137. What is the tens digit of f?
2
Let b(k) = 0*k - 5*k + 0*k + 3*k**2 - 9. What is the tens digit of b(-4)?
5
Let u(f) = -f**2 + 11*f + 5. Let c be u(12). Let y(j) = -11*j - 11. What is the units digit of y(c)?
6
Let y(r) be the third derivative of r**4/6 + r**3/3 - 6*r**2. Suppose 3*h - 10 = 5*x, -4*h + 9 + 12 = x. What is the units digit of y(x)?
6
Let l(u) = u**2 - 21*u + 33. Let m be l(18). Let g = 36 - m. What is the units digit of g?
7
Suppose 47 = 5*x - 28. Suppose 2*p + 5*l + 2 + 1 = 0, 5*p = -5*l + x. What is the units digit of p*-3*(-11)/6?
3
Let o(h) = -h**2 - 8*h - 10. Let j be o(-6). Suppose j*u = 5*z + 43, -3*z = -7*z + 12. What is the tens digit of u?
2
Suppose 4*a + 6*m = 4*m + 12798, 0 = 4*m - 4. What is the thousands digit of a?
3
Suppose -v = -7 - 26. Let z = v + -29. Suppose 3*d + 2*c = 4*c + 11, 5*d = -z*c + 55. What is the units digit of d?
7
Let c = -16 - -22. Suppose -340 = c*s - 11*s. What is the tens digit of s?
6
Suppose 4*y - 2*b = 99 + 209, -4*y = -b - 310. Let k = 165 + y. What is the units digit of k?
3
Let m be 24/2 + (1 - 1). Suppose -5*q = -m - 3. What is the units digit of q/(3/1) + 14?
5
Suppose 0 = -u - 1 + 3. Suppose 10 = 5*c, -2*p + 11 = 5*c - 7. Suppose 0 = p*r + u*r - 264. What is the units digit of r?
4
Let i(q) = 1 + 4 - 11*q + 1 - 1. What is the tens digit of i(-8)?
9
Suppose 768*f - 5810 = 758*f. What is the hundreds digit of f?
5
Suppose -8*w - 3*u = -6*w - 3, 5*w - 10 = -5*u. Suppose -w*r + 4*r = 23. What is the units digit of r?
3
Suppose -f = -0*f - 4. Suppose -2*a + 2*i + f + 0 = 0, -2*a + i + 3 = 0. What is the units digit of a?
1
Let o(z) = -z**2 - 4*z - 3. Let g be o(-4). Let s be (-1)/(4/(-1092)*g). Let n = s - -129. What is the tens digit of n?
3
What is the units digit of 4713/30 + (-5)/50?
7
Suppose 238 = z + 139. What is the tens digit of z?
9
Suppose 4*h - n - 1 = 56, 5*n - 14 = -3*h. Suppose -10 = f - h. Suppose -3*l + 2*s = f*s - 14, 2*s = -5*l + 22. What is the units digit of l?
6
Let u = 457 - 249. What is the units digit of u?
8
What is the hundreds digit of (-49)/637 + (-61608)/(-13)?
7
Suppose -3 = -q - 0*q - 3*g, 0 = 3*q + 2*g - 2. Suppose l - 3*k = -4*l + 50, 4*k = q. Let y(t) = t**3 - 9*t**2 - 10*t + 9. What is the units digit of y(l)?
9
Let g be 1*(3 - (-4 - 0)). Suppose 0*n = g*n + 21. What is the tens digit of (315/(-9))/(n/3)?
3
What is the thousands digit of ((-10)/(-40))/((-4)/(-40272))?
2
Suppose -9*s + 3306 = -2436. What is the tens digit of s?
3
Suppose 0 = 3*r - 5*b - 1114 - 4771, -b - 4 = 0. What is the tens digit of r?
5
Let y = -34 + 92. Let z = y + 14. What is the tens digit of z?
7
Let x = 26 + 570. What is the tens digit of x?
9
Suppose 91 + 8 = 3*w. Suppose -2*n + 3*n + 5*h + w = 0, 2*n = -3*h - 66. Let m = -17 - n. What is the tens digit of m?
1
Suppose -m - 6*z + 177 = -3*z, 652 = 4*m - 2*z. What is the hundreds digit of m?
1
Suppose -4*i - 16 = 0, -40 = -4*q + 6*i - 2*i. Let r(v) = 2*v**2 - 2*v - 20. What is the tens digit of r(q)?
4
Let l(k) = -3*k**2 - 23*k - 4. Let i be l(-7). Suppose 5*g + i = 0, 100 = b + g - 131. What is the units digit of b?
3
What is the tens digit of 52778/44 - 4/(-8)?
0
Let i(n) = 13*n**3 - 2*n**2 - 6*n - 2. What is the hundreds digit of i(3)?
3
Suppose 0 = v + o + 2*o - 5, 0 = -5*o. What is the tens digit of -4 - (3 - v) - -64?
6
Let v(i) = -34*i + 25. Let h(q) = -7*q + 5. Let a(m) = -11*h(m) + 2*v(m). Let f be -1 - 0/1 - -4. What is the units digit of a(f)?
2
Let s = -412 - -1177. What is the units digit of s?
5
Let w = -5185 + 9079. What is the hundreds digit of w?
8
Let p(r) = r + 11. Let t be p(-17). What is the units digit of (-4)/t*15/2?
5
Suppose -3*s - 5 = -11.